nd 1032397407.
9
What is the greatest common divisor of 18969808 and 16?
16
What is the highest common divisor of 2362756 and 29964?
44
What is the highest common divisor of 34159538 and 412?
206
What is the highest common divisor of 312793 and 60827?
13
What is the highest common factor of 4978173 and 1421175?
8121
What is the highest common factor of 1224433 and 42833?
1477
Calculate the highest common factor of 7112 and 347917262.
1778
What is the greatest common divisor of 4078060 and 560?
140
Calculate the greatest common divisor of 1061623 and 3.
1
What is the highest common divisor of 503980 and 4645090?
2230
What is the highest common factor of 49923 and 1421881?
1849
What is the highest common divisor of 16201 and 3121812?
17
Calculate the greatest common factor of 13182796 and 1749.
583
Calculate the greatest common divisor of 932220960 and 2880.
480
What is the highest common factor of 12190 and 5672590?
530
Calculate the highest common factor of 2405155 and 9243.
79
Calculate the highest common factor of 1600 and 593402800.
400
What is the highest common factor of 133191640 and 22360?
1720
What is the greatest common factor of 279782138 and 71660?
7166
Calculate the highest common divisor of 26355528 and 49014.
7002
Calculate the greatest common divisor of 692238532 and 2192.
548
Calculate the greatest common factor of 742976 and 3104491.
611
What is the greatest common divisor of 36181 and 9231377?
373
What is the highest common divisor of 77425119 and 54?
27
What is the greatest common divisor of 256 and 42841?
1
Calculate the highest common divisor of 9864 and 83112.
24
What is the highest common factor of 724395 and 15435?
105
What is the highest common divisor of 41024653 and 1285?
257
What is the highest common factor of 31333675 and 5?
5
What is the greatest common factor of 831 and 1129461?
3
What is the greatest common factor of 21930 and 1349409?
51
Calculate the highest common factor of 480845 and 8185679.
5657
What is the greatest common factor of 89264923 and 913?
913
Calculate the greatest common divisor of 7680 and 21078528.
1536
Calculate the greatest common divisor of 75789460 and 515.
515
Calculate the greatest common divisor of 589466580 and 1169.
167
What is the greatest common factor of 82 and 2079050878?
82
What is the highest common divisor of 345960 and 11760?
120
Calculate the highest common divisor of 385562848 and 352.
352
Calculate the greatest common factor of 10511662 and 697.
41
Calculate the greatest common factor of 16193496 and 4.
4
What is the greatest common divisor of 1217550 and 6675?
75
Calculate the greatest common divisor of 14000 and 703480.
40
Calculate the greatest common divisor of 39906 and 1413.
9
What is the greatest common divisor of 33335 and 19062535?
565
Calculate the greatest common factor of 303715 and 362710.
2185
What is the highest common divisor of 127168852 and 444?
148
What is the greatest common factor of 51619 and 76383?
41
Calculate the greatest common divisor of 64904 and 7466888.
488
What is the greatest common factor of 8737723 and 9316?
137
What is the greatest common divisor of 1426 and 111938148?
1426
Calculate the greatest common divisor of 966766 and 145111.
961
Calculate the highest common factor of 22 and 509958317.
11
What is the highest common divisor of 21733 and 4857009?
211
Calculate the greatest common divisor of 112 and 22673392.
112
What is the highest common divisor of 40005052 and 62968?
1852
Calculate the greatest common divisor of 46316671 and 9561.
3187
Calculate the highest common divisor of 76 and 1042378.
38
Calculate the highest common factor of 117250 and 81000.
250
Calculate the greatest common factor of 527758353 and 4743.
4743
What is the highest common divisor of 1216 and 748040032?
608
Calculate the highest common divisor of 5531253 and 42276.
39
Calculate the highest common factor of 89131 and 1165979.
1819
What is the greatest common factor of 17 and 9234519?
17
Calculate the greatest common factor of 10 and 10578805.
5
What is the greatest common factor of 20117233 and 4588?
1147
What is the greatest common divisor of 456530964 and 1852?
1852
What is the greatest common factor of 256 and 46700608?
64
Calculate the highest common divisor of 1458 and 3105783.
243
Calculate the highest common divisor of 15531 and 15872.
31
Calculate the highest common factor of 50715 and 1372392.
441
What is the highest common factor of 8450 and 4346173?
169
Calculate the greatest common divisor of 287324712 and 120.
24
What is the highest common divisor of 89683 and 36509?
11
Calculate the highest common divisor of 44981279 and 19747.
217
Calculate the highest common divisor of 2259620 and 20680.
220
Calculate the highest common divisor of 189870285 and 165.
165
Calculate the highest common factor of 61530 and 208355.
35
What is the greatest common factor of 12370494 and 1974?
282
Calculate the greatest common divisor of 62739189 and 163.
163
What is the highest common factor of 429248 and 566656?
1216
What is the greatest common divisor of 14675749 and 121231?
1133
What is the highest common factor of 10496 and 1620484?
164
What is the highest common factor of 48 and 140832348?
12
Calculate the greatest common divisor of 224 and 45488408.
56
Calculate the highest common factor of 104 and 496056.
8
What is the highest common divisor of 84304 and 4015?
11
Calculate the greatest common divisor of 2684 and 34325236.
44
Calculate the greatest common factor of 2994 and 1453706760.
2994
Calculate the highest common factor of 3522886 and 16620.
554
What is the highest common divisor of 39168 and 2520488?
136
What is the greatest common divisor of 235796 and 7827402?
5126
What is the greatest common factor of 363 and 257236683?
363
Calculate the greatest common divisor of 26607 and 1458524788.
8869
What is the greatest common factor of 133319730 and 1035?
345
Calculate the greatest common divisor of 461085200 and 140.
20
What is the highest common divisor of 623526012 and 162?
162
What is the highest common divisor of 923989190 and 380?
190
Calculate the greatest common divisor of 4 and 4544009.
1
What is the highest common divisor of 5897 and 25?
1
Calculate the greatest common factor of 22575171 and 85776.
5361
What is the greatest common divisor of 5496 and 2318088?
24
What is the greatest common factor of 18576 and 3103176?
24
What is the greatest common divisor of 7841739 and 69867?
3327
What is the greatest common divisor of 128758 and 115906?
238
What is the greatest common divisor of 24430 and 72254168?
4886
Calculate the highest common divisor of 774198 and 216.
54
Calculate the greatest common divisor of 729660 and 1980.
60
Calculate the highest common factor of 3757500 and 1340676.
6012
Calculate the greatest common divisor of 114350 and 23195.
5
What is the highest common divisor of 78432 and 2463728?
688
What is the greatest common divisor of 8840 and 236678?
26
Calculate the highest common factor of 9269 and 24572832.
713
What is the highest common divisor of 192228 and 13197?
249
What is the greatest common divisor of 21 and 2334773?
7
What is the highest common divisor of 6755715 and 7446?
51
What is the highest common divisor of 2239090 and 1015?
1015
What is the highest common divisor of 158 and 12937909?
79
Calculate the greatest common divisor of 13510 and 1726410.
70
Calculate the highest common divisor of 21088 and 1052.
4
What is the highest common divisor of 117 and 96694?
13
Calculate the highest common factor of 3411 and 630.
9
Calculate the greatest common divisor of 14509 and 50468.
11
Calculate the highest common factor of 139755 and 19350870.
1155
Calculate the highest common divisor of 185106 and 30.
6
Calculate the greatest common factor of 1589 and 202713.
7
What is the greatest common factor of 268 and 16024658?
134
Calculate the highest common divisor of 7 and 69384959.
7
What is the highest common factor of 36 and 65803635?
9
Calculate the greatest common divisor of 2583349 and 1145.
229
What is the highest common divisor of 54974 and 478?
2
Calculate the greatest common factor of 2191230 and 55290.
2910
What is the highest common factor of 7 and 15002085?
7
What is the highest common factor of 1506557 and 520?
13
What i